131
List the prime factors of 993642.
2, 3, 13, 12739
What are the prime factors of 320846?
2, 160423
What are the prime factors of 4035584?
2, 7, 563
What are the prime factors of 309116?
2, 77279
What are the prime factors of 10858496?
2, 11, 241
List the prime factors of 489389.
489389
List the prime factors of 512536.
2, 64067
List the prime factors of 231418.
2, 11, 67, 157
What are the prime factors of 440764?
2, 101, 1091
What are the prime factors of 191535?
3, 5, 113
List the prime factors of 62059.
229, 271
List the prime factors of 654903.
3, 72767
List the prime factors of 627741.
3, 19, 3671
What are the prime factors of 1298069?
17, 29, 2633
List the prime factors of 4954634.
2, 2477317
List the prime factors of 12550.
2, 5, 251
List the prime factors of 10248047.
2287, 4481
What are the prime factors of 24746?
2, 12373
List the prime factors of 3833374.
2, 1916687
List the prime factors of 1723046.
2, 13, 66271
What are the prime factors of 4643149?
7, 31, 21397
List the prime factors of 11045274.
2, 3, 17, 108287
List the prime factors of 189289.
73, 2593
What are the prime factors of 1720536?
2, 3, 17, 4217
List the prime factors of 1972572.
2, 3, 7, 23, 1021
List the prime factors of 3721493.
103, 36131
List the prime factors of 281521.
43, 6547
What are the prime factors of 1213404?
2, 3, 101117
List the prime factors of 1984083.
3, 661361
List the prime factors of 122387.
122387
List the prime factors of 1111313.
7, 158759
List the prime factors of 276509.
67, 4127
List the prime factors of 334886.
2, 167443
What are the prime factors of 872486?
2, 53, 8231
List the prime factors of 21985200.
2, 3, 5, 31, 197
List the prime factors of 358531.
358531
List the prime factors of 4265609.
71, 73, 823
What are the prime factors of 2307031?
2307031
List the prime factors of 713733.
3, 237911
What are the prime factors of 85814?
2, 107, 401
What are the prime factors of 8190211?
8190211
What are the prime factors of 1243353?
3, 414451
What are the prime factors of 9541740?
2, 3, 5, 13, 941
List the prime factors of 1052799.
3, 11, 61, 523
List the prime factors of 374221.
17, 22013
What are the prime factors of 2919272?
2, 364909
What are the prime factors of 7546350?
2, 3, 5, 7, 7187
List the prime factors of 1021703.
59, 17317
What are the prime factors of 100189?
100189
List the prime factors of 835014.
2, 3, 139169
What are the prime factors of 180746?
2, 90373
What are the prime factors of 333536?
2, 7, 1489
What are the prime factors of 1048681?
1048681
List the prime factors of 372157.
29, 41, 313
List the prime factors of 145896.
2, 3, 6079
List the prime factors of 293546.
2, 11, 1213
What are the prime factors of 28859280?
2, 3, 5, 120247
List the prime factors of 3872867.
347, 11161
List the prime factors of 366640.
2, 5, 4583
What are the prime factors of 134891?
43, 3137
What are the prime factors of 20974281?
3, 6991427
What are the prime factors of 258218?
2, 41, 47, 67
What are the prime factors of 1391015?
5, 37, 73, 103
List the prime factors of 12618970.
2, 5, 7, 13, 283
What are the prime factors of 191167?
149, 1283
What are the prime factors of 884791?
884791
List the prime factors of 214014.
2, 3, 53, 673
List the prime factors of 425125.
5, 19, 179
List the prime factors of 38235002.
2, 13, 1470577
List the prime factors of 4916490.
2, 3, 5, 163883
List the prime factors of 14038691.
31, 191, 2371
What are the prime factors of 9427376?
2, 7, 41, 2053
What are the prime factors of 3373472?
2, 47, 2243
What are the prime factors of 1656859?
409, 4051
What are the prime factors of 424731?
3, 31, 4567
What are the prime factors of 22032150?
2, 3, 5, 7, 20983
List the prime factors of 92400.
2, 3, 5, 7, 11
What are the prime factors of 35341?
59, 599
List the prime factors of 933907.
13, 19, 199
List the prime factors of 170812.
2, 42703
What are the prime factors of 1577811?
3, 525937
List the prime factors of 13677657.
3, 7, 53, 12289
List the prime factors of 532743.
3, 311, 571
List the prime factors of 3439185.
3, 5, 17, 13487
List the prime factors of 10155641.
211, 48131
What are the prime factors of 186569?
186569
What are the prime factors of 20856280?
2, 5, 17, 30671
What are the prime factors of 28446703?
47, 605249
List the prime factors of 31467600.
2, 3, 5, 8741
List the prime factors of 583399.
239, 2441
What are the prime factors of 219225?
3, 5, 37, 79
What are the prime factors of 1401312?
2, 3, 11, 1327
What are the prime factors of 7241921?
127, 449
What are the prime factors of 1097468?
2, 23, 79, 151
List the prime factors of 81368.
2, 7, 1453
What are the prime factors of 286260?
2, 3, 5, 13, 367
What are the prime factors of 861856?
2, 23, 1171
List the prime factors of 1252043.
13, 19, 37, 137
What are the prime factors of 124476?
2, 3, 11, 23, 41
What are the prime factors of 66190?
2, 5, 6619
List the prime factors of 8029913.
19, 422627
What are the prime factors of 1933584?
2, 3, 40283
List the prime factors of 1620213.
3, 7, 77153
What are the prime factors of 21779180?
2, 5, 1088959
List the prime factors of 6132417.
3, 37, 101, 547
What are the prime factors of 2542178?
2, 1271089
What are the prime factors of 5206710?
2, 3, 5, 197, 881
What are the prime factors of 230066?
2, 37, 3109
What are the prime factors of 4618735?
5, 11, 79, 1063
List the prime factors of 135947.
7, 19421
What are the prime factors of 492144?
2, 3, 10253
What are the prime factors of 564848?
2, 43, 821
List the prime factors of 717986.
2, 358993
What are the prime factors of 1002989?
13, 77153
What are the prime factors of 437617?
47, 9311
List the prime factors of 377141.
37, 10193
What are the prime factors of 4430379?
3, 1476793
What are the prime factors of 182808?
2, 3, 2539
List the prime factors of 329576.
2, 13, 3169
What are the prime factors of 356522?
2, 178261
What are the prime factors of 104058?
2, 3, 41, 47
What are the prime factors of 1198742?
2, 599371
List the prime factors of 41939.
17, 2467
What are the prime factors of 5404102?
2, 11, 137, 163
What are the prime factors of 13812063?
3, 37, 124433
List the prime factors of 4786362.
2, 3, 7, 37987
List the prime factors of 7092144.
2, 3, 16417
What are the prime factors of 229142?
2, 114571
What are the prime factors of 2197507?
13, 13003
What are the prime factors of 9883973?
11, 898543
What are the prime factors of 17891123?
17, 31, 1997
What are the prime factors of 960499?
960499
List the prime factors of 3032396.
2, 758099
What are the prime factors of 933251?
11, 37, 2293
What are the prime factors of 10580399?
10580399
List the prime factors of 773404.
2, 239, 809
List the prime factors of 1894096.
2, 23, 5147
What are the prime factors of 6415584?
2, 3, 7, 9547
List the prime factors of 9275977.
443, 20939
List the prime factors of 373154.
2, 43, 4339
What are the prime factors of 9320198?
2, 23, 202613
What are the prime factors of 4212399?
3, 1404133
What are the prime factors of 262976?
2, 7, 587
What are the prime factors of 688092?
2, 3, 17, 3373
What are the prime factors of 4308700?
2, 5, 11, 3917
List the prime factors of 320354.
2, 31, 5167
What are the prime factors of 6164820?
2, 3, 5, 29, 1181
What are the prime factors of 300682?
2, 149, 1009
What are the prime factors of 47658?
2, 3, 13, 47
List the prime factors of 7692718.
2, 11, 23, 661
List the prime factors of 1053627.
3, 157, 2237
List the prime factors of 195658.
2, 97829
What are the prime factors of 2898223?
419, 6917
What are the prime factors of 2621665?
5, 59, 8887
What are the prime factors of 791852?
2, 197963
List the prime factors of 41110.
2, 5, 4111
List the prime factors of 3027456.
2, 3, 73
List the prime factors of 77739.
3, 25913
List the prime factors of 1752235.
5, 350447
What are the prime factors of 606046?
2, 7, 73, 593
What are the prime factors of 827261?
83, 9967
What are the prime factors of 2804206?
2, 23, 60961
List the prime factors of 32017287.
3, 10672429
List the prime factors of 250754.
2, 7, 17911
List the prime factors of 23521.
43, 547
List the prime factors of 3249801.
3, 53, 757
What are the prime factors of 1030379?
7, 147197
What are the prime factors of 1765212?
2, 3, 17, 509
What are the prime factors of 1090110?